178 - -132) + 18 + 1 + -1 + 7.
-21
-8 - (-4 + (6 - -3)) - -10 - -2
-1
Calculate (24 - (-1 - -2)) + (189 - 373 - -196).
35
What is the value of -1 - (5 - 2) - (-3 + 6 - 11)?
4
(-5 - -8) + 8 + 4
15
-14 + 10 + -18 + 13 + -3
-12
What is (-12 - -1) + -3 + 7?
-7
Evaluate -1 + 8 - (4 + -1) - 0.
4
What is the value of (-3 + 5 + -1 - (-35 - -44)) + 19?
11
Evaluate 10 - (0 + 7 + (65 - 65)).
3
Calculate (-18 - -1 - (120 - 153)) + -7.
9
Calculate -3 + (28 + -10 - 5) - -9.
19
Evaluate (2 - -1) + 4 + -3 + 1 + -8.
-3
Calculate 20 + 2 + -36 + 34.
20
What is the value of 0 + -3 - -35 - (-8 + 14 - -4)?
22
Calculate 4 + (29 - (27 + 0)).
6
What is 0 - (5 + -2 - (-4 - (0 - -4)))?
-11
What is the value of 2 - (1 - (-8 + 5) - (13 - 14))?
-3
What is 20 + (-15 + 33 - 48)?
-10
What is -9 - (-1 - -37 - 19)?
-26
What is 29 + -22 + (-4 - (-2 - -3 - -1))?
1
Calculate -22 - (-3 - (26 + -11)).
-4
What is the value of 4 + -1 + (-4 - -8) - (-10 + 7)?
10
What is 6 - (2 + -4 - 0) - (12 + -6)?
2
What is -4 + 4 + (6 - 5) + 7?
8
Calculate 42 + -4 - (79 - 22).
-19
Evaluate -39 + (31 - 6 - 11).
-25
What is the value of (-14 - 1 - -25) + (-13 - 0)?
-3
17 - (-31 - -38 - (1 - -1))
12
Calculate 26 + (-21 - (-11 - -29)).
-13
What is the value of 3 - ((-141 - -150) + 2 + -6)?
-2
What is 244 - 275 - (-2 + -3) - (-6 - 0)?
-20
What is 3 - (4 - (0 + 7 - (0 + 6)))?
0
Calculate 10 - ((1 - 5 - (-25 + 20)) + 5).
4
Calculate -17 - 0 - (-9 - -3 - 4).
-7
Evaluate (10 - 0 - -2) + -3 - (28 + -29).
10
What is the value of -11 - (-6 + (6 - (3 - 2)))?
-10
Calculate -164 - -171 - (0 - 6).
13
Calculate (9 - 7) + (-9 - -8 - -2).
3
What is the value of -6 - (8 + -9 + -12 + -5)?
12
Calculate -2 + 14 - (-27 + 28 + -14).
25
Calculate (-21 - -10) + 21 + 0.
10
Calculate (12 - 11) + (-6 - (2 - 4)).
-3
Evaluate (-15 - -30) + -11 + (0 - -2 - -5).
11
(2 - 2) + 0 + (1652 - 1641)
11
7 - (-21 + 14 + (22 + 2 - -4))
-14
(10 - (8 - 6)) + (-4 - 20)
-16
Calculate -5 + 9 + 1 + -4 + -5 + 2.
-2
What is -8 + (23 - (48 + -33))?
0
-58 + 56 + (1 - 3) - -9
5
Evaluate 0 - (-2 + -6 + (-2 - -1)) - -16.
25
What is the value of -4 - (-1 - 2 - -1) - (1 + 1)?
-4
Evaluate (-21 - 1) + -660 + 662.
-20
What is 151 - 149 - (4 - 10 - 4)?
12
Evaluate 0 + (24 - 5 - 5).
14
Evaluate 84 - 72 - (11 + 0 + 0).
1
35 + -40 + (-4 - (-9 + 4))
-4
What is the value of 5 - ((11 - (-1 - (0 + -4))) + 6)?
-9
Calculate (-30 - (-2 + -3)) + 27 + -20.
-18
What is (21 + 5 - 15) + -1 + 11?
21
Evaluate -2 + 0 + -1 - (-37 + (-57 - -90)).
1
Evaluate (12 - 12 - -8) + (1 - (1 - -5)).
3
What is 17 - (0 - (-33 - (5 - 3)))?
-18
Calculate 1 - (-28 - -2) - ((-8 - 3) + 19).
19
Calculate -632 - -625 - (-2 + (5 - (-3 - -2))).
-11
15 - -1 - (961 + -947)
2
What is the value of (-7 - -1) + (9 - 13) + -2 + 2?
-10
-2 + (8 + -1 - (59 - 55)) - 1
0
Evaluate (9 - (4 + 14)) + 6 + 4 + -3.
-2
Calculate -10 + (10 + 35 - 0) - 16.
19
What is the value of 7 + -8 + -5 + 6 + 5?
5
Evaluate (31 - -11) + -45 + -2 + 36.
31
Calculate (-149 - -152) + 3 + (5 - 3) + -2.
6
0 - 2 - ((5 - 19) + 18)
-6
Evaluate (3 - (1 - -5) - 23) + 181 + -171.
-16
Calculate (-17 + 24 - 18) + -6.
-17
What is the value of -6 + 3 + (-6 - ((-16 - -11) + 2))?
-6
What is (-7 - 3) + 6 - (40 + -29)?
-15
What is 0 - ((0 - -26) + (-23 - -22))?
-25
Evaluate -3 - (-49 + 51 - (4 - -2)).
1
(1 + -4 - -7 - -13) + (-8 - -5)
14
Calculate 10 + 9 + (0 - -2) - 5.
16
What is the value of 6 + -13 + 2 + 1 + 0?
-4
Evaluate (30 - 0) + -46 + 37.
21
-10 - -2 - (-18 - (-82 + 56))
-16
38 + (-14 - -30 - 59)
-5
What is 2 - (6 - 1 - (-42 - -66))?
21
-40 + 34 + 6 + -1
-1
-10 + (10 - 23) - -13
-10
What is 206 + -204 - (-9 + (0 - 0))?
11
What is the value of -18 - ((-9 - -8 - -7) + 0)?
-24
(16 + -9 - 7) + 7
7
What is 0 + -14 + 6 + -3 + -2?
-13
What is the value of 3 + -11 + (-36 - -74) + -42?
-12
What is (1 - 9) + (76 - 74) - -18?
12
Evaluate (-2 - -2) + (88 - 83).
5
What is (242 - 264) + (-3 - -34)?
9
What is the value of -17 - -24 - (-4 + 8)?
3
Calculate 7 + -1 + -12 + -5 + -8 + 5.
-14
What is the value of -7 + (8 - -3) + -1 + 13 + -5?
11
Evaluate (-8 - 0) + (-15 + 10 - -12).
-1
Evaluate -15 - ((-5 - -7) + -14).
-3
Calculate 4 - (15 + (-18 - -4)).
3
What is the value of -20 - (-28 + -1 + 0)?
9
-12 - (-43 + 34 + -16)
13
(1 + 2 - (-19 + 16)) + -3 + 8
11
What is (0 - -3 - -3) + (9 - 16) + 8?
7
What is the value of -6 - ((-7 - -4) + 11 - (2 - 0))?
-12
Calculate 1 + 2 + 0 + (-12 - 2) + 10.
-1
Calculate -4 + (-1 + 15 - -3).
13
What is the value of (0 + -9 - (28 + -34)) + (-2 - -19)?
14
Calculate (-6 - -38) + -17 + (-9 - 0).
6
63 + -58 - ((-3 + -1 - -1) + 10)
-2
Calculate -33 + 15 + -3 + 11 + -3.
-13
Evaluate -6 + (17 - -5) + -8 + -8.
0
What is -18 - ((7 - 13) + 17)?
-29
Evaluate 2 + (10 + -4 - (2 + 0)) - 2.
4
2 + 32 - (2 - (0 - (-13 + 5)))
40
Calculate (-5 - -14) + (-4 - (-3 + -3)).
11
Evaluate -38 + -13 + -3 + 17.
-37
What is the value of (73 - 63) + 2 + -6 + 1?
7
Evaluate 1 + 4 - (25 + -21).
1
Evaluate -810 - -828 - (-1 + 15).
4
Evaluate (24 - 15 - (-30 - 7)) + -16.
30
What is -96 - -109 - (-5 + 5 + 0)?
13
Calculate 2 - (-1 - -15) - (-196 + 187).
-3
Calculate (5 + -9 + -2 - -4) + 2 - 0.
0
(3 - 8) + 14 + -16 - (1 + -1)
-7
Calculate 20 + -28 - (5 + -23 - 6).
16
What is the value of -3 - (1 - (-2 - -3) - (-17 + 8))?
-12
Evaluate 7 - ((-8 - -1) + 2).
12
Calculate -100 - -132 - (-3 + 5).
30
Calculate (0 - -4) + (-4 - -14) - 8.
6
What is 18 + (-28 - -1 - -14)?
5
-29 + -8 + 42 + -2 + 0
3
Calculate 10 - 3 - (-25 + 11 + 7 - -35).
-21
What is the value of 5 + -7 + 8 - 6 - 9?
-9
Evaluate -9 + (-18 - -7) + 13.
-7
Calculate (-14 - (19 - 24)) + 30.
21
(-5 - 0) + 9 + (-19 + 6 - 2)
-11
What is the value of 7 + (1 - 0) - (-42 + (-25 - -63))?
12
What is the value of (28 - 5) + -8 + -6 + -5?
4
Evaluate -129 + 89 + (0 - -30).
-10
Calculate 1 + (0 - 1) + (-255 - -266).
11
Calculate 8 - ((5 - 1 - 6) + -1 + 0).
11
What is -14 + (14 + -32 + 11 - -45)?
24
What is the value of (88 - 39) + -27 + -50?
-28
Calculate 2 + (-4 + -2 - -16) - (-1 + -1).
14
Evaluate 9 - (-5 - -7) - (-1 - 15).
23
Evaluate (-4 - -3) + (-1 - -3) + 12 + -3.
10
Evaluate -45 - ((36 - 76) + 17).
-22
What is 4 - 32 - -23 - (-1 - 1 - -5)?
-8
Evaluate 39 + (-10 - (-3 + (7 - (-2 - -15)))).
38
Calculate -4 - ((3 - (-10 + 2 + 8)) + -20).
13
Calculate (-1 - 11) + (7 - ((9 - -1) + -3)).
-12
Calculate -38 - (-10 + 14 + -21).
-21
Calculate -26 - (-13 + -41 + 23).
5
What is the value of -4 - (-1 + 4) - (-13 + 40)?
-34
Evaluate 34 - (22 + 6) - (-1 + 14).
-7
What is the value of 12 + 0 - (-11 + 7) - (14 - 12)?
14
What is 1 + -1 - (-6 - (21 + -32))?
-5
2 - 3 - (7 + -7 - 5)
4
What is (24 - (11 + 7 - 1)) + -1 + -5?
1
426 - 461 - (-22 + -1)
-12
What is -3 + 9 - (-15 + (1 - 3 - -1))?
22
Calculate (37 - 26) + 2 + -2 + -3 + 4.
12
What is (-2 - -2) + 0 + (49 + -9 - 41)?
-1
4 - (2 + 9 + -1 - (-3 - -1))
-8
What is (-21 - (16 + -13)) + 4 + 2 + 1?
-17
38 - 25 - (0 - -4 - (-15 - -23))
17
What is the value of -17 - ((2 - (9 + -8)) + -8) - -9?
-1
(51 - (43 + -4)) + -4
8
7 + (-35 - -14) + 13
-1
Calculate 14 - (21 + -29 - -9).
13
What is the value of 24 - (39 - 16) - (1 - -17)?
-17
What is the value of -19 - (3 - (-15 - -20))?
-17
What is the value of (-1 - (-1 - (1 - -2))) + (55 - 61)?
-3
What is (-6 - 2) + 0 - (30 - 44)?
6
Calculate -1 + -9 - (-91 + 88).
-7
What is (-4 - 2) + -3 + 3 - (0 - -2)?
-8
Evaluate -38 + 23 - ((-2 - -19) + -11).
-21
(-82 - -80) + (-15 - 1)
-18
What is the value of -2 + (1 + 16 - 17)?
-2
Evaluate (3 - -13 - 25) + 15.
6
What is -21 - (28 + -13 + -55)?
19
Evaluate -14 + (-7 - -21) - 14.
-14
What is the value of -2 - (-11 + -7 + 12)?
4
Calculate 60 + (-52 - (16 - 35)).
27
Calculate 1 - (2 + 1 - (-84 - -91)).
5
What is -24 + 12 + 12 + 18?
18
Evaluate (-1 - -2 - 0) + -4387 + 4382.
-4
Evaluate -30 - (2 + -14) - 7.
-25
What is the value of -9 + 0 + 7 - -8 - (2 - -1)?
3
What is the value of 6 + (-6 - (11 - 4))?
-7
Evaluate 184 + -208 - (-1 - -4 - (-11 + 11)).
-27
Evaluate -10 + (39 - 11 - -1) + -4.
15
-6 - (-9 + 7) - (-2 + 9)
-11
What is 5 - (2 + (-16 - 7))?
26
Calculate 3 - (1 - (-12 - 4 - -7)).
-7
-25 + 59 + -32 - -25
27
Calculate 2 - 6 - (-8 - (-38 - -19)).
-15
Calculate 15 + -16 + -10 - (-30 - -4).
15
What is the value of 48 - (345 + -359 - (0 - 21))?
41
What is the value of (4 - 11 - (-2 + 4)) + 6 - 6?
-9
Calculate 10 + 0 - 